j(2). Suppose 0 = -5*s - r*q + 2385, -9*q + 454 = s - 4*q. Is s a composite number?
False
Let u = -532 - 4183. Let h = -1086 - u. Is h a composite number?
True
Let c(j) = 15*j**3 + 22*j**2 - 4*j - 30. Let d be c(13). Is 1*d*9/162*6 a prime number?
True
Let h(b) = 4*b + 22. Let l be h(-5). Suppose -s + l = -2*s. Is (s + -69*1)/(-1) composite?
False
Is -1 + (-1110444)/(-7) - (-42 + (-8008)/(-196)) a composite number?
True
Suppose 4*f = -2*i + 4, -3*i + 2*f + 14 = -0. Suppose 2*v - 1637 = -5*w + 5*v, 0 = 4*v - i. Is w/3 + (-13)/39 prime?
True
Let r(s) = s - 16. Let p be r(-23). Let u = -35 - p. Let t(m) = 20*m**3 - 4*m**2 + m - 7. Is t(u) a prime number?
True
Let n(x) = 8*x**2 - 3*x - 4. Let k(q) be the third derivative of q**5/4 - q**4/4 - 3*q**3/2 + 5*q**2. Let p(o) = -6*k(o) + 13*n(o). Is p(4) a prime number?
False
Suppose 7*f + 5*y = 4*f + 195, -2*f + 2*y = -130. Let h = -61 + f. Suppose 5*z = -4*i + 733, 15 = h*z + 2*i - 575. Is z prime?
True
Suppose 2*b + o = 5*b - 16267, o - 10838 = -2*b. Suppose -2*k + 11*m - 16*m = -b, 3*k - 4*m = 8189. Is k composite?
True
Is (-3)/((-15)/170090) + 13 composite?
False
Is (11781556/1070)/((-2)/(-25)) a prime number?
False
Let k(v) = -8*v + 111*v**2 + 102*v**2 + 3*v - 6*v - 13 - v. Is k(-6) a prime number?
True
Suppose -4*f + 3960 = -0*f. Suppose 5*v - 2*v - f = 0. Let o = v + 49. Is o prime?
True
Let l(u) = -736*u + 3. Let h be 2/(-6)*96/16. Let b be l(h). Suppose c - 1064 = 2*t - 331, 2*c = t + b. Is c composite?
False
Is (40/30 + (4 - 1856490/(-9)))/2 a prime number?
True
Suppose -5*b - 5 = 0, -5*b + 20 = -4*v - 9*b. Let s be (-8 - -4)/v - -215. Let n = s + -73. Is n a prime number?
False
Let q = -1462851 - -2904658. Is q composite?
False
Suppose -31 = -i - 3*f, -43 = -2*i + 4*f + 69. Suppose i*y - 45*y = 1249. Is y prime?
True
Suppose -1092249 + 215318 = -11*t. Is t composite?
True
Let o(p) = 5*p - 71. Let j(x) = -x + 14. Let r(w) = 22*j(w) + 4*o(w). Let v be r(10). Suppose -l = -3*u - 146, u + v*u + 148 = l. Is l a composite number?
True
Let r(f) = 75*f**2 - 4*f - 10. Let h be r(-4). Let x = 2599 - h. Is x prime?
False
Let g(i) = 5*i**2 - 1785*i**3 + 8*i + 1 + 0 + 6*i + i - 11*i. Is g(-2) a prime number?
True
Suppose -5*q + 2947 = -4*q. Let u = q - 655. Let t = 4195 - u. Is t prime?
False
Let f(x) = x**3 + 4*x**2 - 27*x - 38. Let w be f(-7). Suppose 3*y - 9*q - 7494 = -4*q, -4*y = -w*q - 10000. Is y prime?
True
Let g = 63 + -109. Let v be 2/4 + (-136597)/g. Let d = v - 2117. Is d a composite number?
False
Let z(o) = -18*o + 13. Let d = -54 - -58. Let c be d*(-2)/16*2*3. Is z(c) a prime number?
True
Suppose -4*d - 2*c + 4*c - 244 = 0, 5*d - 2*c + 304 = 0. Let w be d/18*(-12)/5. Suppose 0 = -11*a + w*a + 2307. Is a composite?
False
Suppose -8 = 2*a, 3*c - 2*a - 14 = -90. Is ((-14)/c*(1 + -3243))/(-1) composite?
False
Let t be 19899 + -1 - (-19 - -22). Suppose -m = 4*m - t. Is m prime?
False
Is (-3)/4 + (-3920732)/(-16) a prime number?
False
Suppose -4*a - 38 = 406. Let d = 113 + a. Suppose 5824 = 5*r - 3*i, 4*i - 2323 = -d*r + 3*i. Is r prime?
True
Is 80/10 + (9 - -43584) composite?
True
Suppose 24473326 + 56886253 = 483*f - 322*f. Is f composite?
False
Let m be 3 + (2 - 0) + 6. Let x be 12/(-2)*(-4)/(-120)*5. Is x - m/((-11)/790) a composite number?
True
Let s(u) = 30*u - 7 + 7 + 3 - 416*u. Let t(a) = -1. Let r(i) = -s(i) + 4*t(i). Is r(3) composite?
False
Let j be (-24)/(10/(-8) + (-36)/(-48)). Let m = j - -91. Is m a prime number?
True
Let f(n) = -n**3 + 42*n**2 - 4*n - 70. Suppose -2*h - 25 + 96 = -c, 0 = -2*h + 2*c + 66. Is f(h) a composite number?
True
Let p = 606736 - 247178. Is p prime?
False
Is (-1)/(6442242/429483 + -15) composite?
True
Is 48275 - (-4 + (-16)/3*225/(-200)) a composite number?
True
Let m = -3305 + 5110. Let d = -345 - -2867. Suppose -g + m = -d. Is g prime?
True
Suppose -5*s + 4*s - 57 = 0. Let v = -49 - s. Suppose -3*z + 2226 = 3*a, v*z + 1459 = 2*a + 5*z. Is a prime?
False
Let h be 203/28 + 7 - 3/(-4). Suppose 55*b = 60*b - h. Suppose 169 = b*x - 3176. Is x prime?
False
Suppose -3*s = -5*s - 8*s + 122510. Is s a composite number?
False
Let b = -16 + 19. Suppose b*h - 5045 = -2*h. Is h composite?
False
Suppose 0 = 13*u - 30 - 9. Is 3*1 - (0 + (-8592)/u) prime?
False
Suppose -54 = -t + 7*t. Let h(j) be the third derivative of -j**5/60 - j**4/2 + 2*j**3/3 - 32*j**2. Is h(t) prime?
True
Let x = -305675 - -641958. Is x a composite number?
True
Suppose 219*n = 49542704 + 934365 + 62162734. Is n a prime number?
False
Let u = 259517 - 145366. Is u a prime number?
False
Let s = 6292 - 3750. Suppose -7*k + 52 = 6*k. Suppose -i = -u + k*u - 1267, -2*i - 2*u = -s. Is i a prime number?
False
Suppose 4*y = -345*r + 341*r + 497716, 497718 = 4*r + 5*y. Is r a composite number?
False
Let t be (-3936)/(-10) - 6/10 - 3. Suppose -558 - t = -4*s. Suppose -2*j + s = -585. Is j a prime number?
False
Let a(y) = 1940*y - 4. Suppose 0 = -d - 3*d - 4. Let q be a(d). Let x = 2795 + q. Is x a composite number?
True
Let h = 118 + -34. Suppose h*d + 8684 = 88*d. Is d composite?
True
Let u = -12 - -18. Let i be (0/1)/(u/(0 + -3)). Suppose -5*o - j + 0*j + 1779 = i, 0 = 5*j - 20. Is o prime?
False
Let n(q) = 42513*q - 348. Is n(9) a composite number?
True
Suppose -2*u + 158776 = -5*x + x, 3*x = 0. Suppose 8*s - u = -24964. Is s a composite number?
False
Let o(c) = 2*c**3 + 76*c**2 + 48*c - 9. Suppose 6*f + f = -259. Is o(f) prime?
True
Let j(i) = i**3 + 54*i**2 + 54*i + 91. Let r be j(-53). Is (-108)/1026 - (-187610)/r composite?
False
Suppose 4*r + 32*y - 31*y - 53312 = 0, -4*y = -2*r + 26638. Is r composite?
False
Let k(o) = o**3 + 21*o**2 + 19*o - 16. Let p be k(-20). Suppose 4*z = p*w - 20164, 4*w - 24640 = 3*z - 4478. Is w a composite number?
False
Suppose 10 = 5*y - 4*s, -3*s - 6 = -3*y - s. Suppose -k - 2*u - 3*u = y, -5*u = 4*k - 7. Is 650/3 + k/9 prime?
False
Suppose 37*n + v = 36*n + 4865, -14577 = -3*n - 6*v. Is n a prime number?
True
Suppose -3 = s, 6 = 3*l + s + 2*s. Suppose -l*k - 4*b = -12, 3*k + 0*b - 10 = -b. Suppose -h + 6*g - g = -2794, -h + k*g = -2793. Is h a prime number?
True
Let g = 20 - 20. Suppose g*w + 14*w = 48398. Is w composite?
False
Let v = 333654 + -204997. Is v a composite number?
False
Suppose -2420853 - 3843287 = -20*g. Is g a prime number?
True
Let o be -1*10158/(-4)*6/9. Let b = o + 2250. Is b prime?
True
Let t = -6 + 69. Is 2/18 - (-23366)/t a prime number?
False
Let t be -21 + 25 + 11 + 0. Let o be 14*-2*t/(-10). Let l = o + 11. Is l a composite number?
False
Let n(b) = -b**2 - 5*b + 9. Let g be n(-6). Suppose g*c + 337 = 2*q, 2*c = 5*q - 805 - 65. Is 78518/q + (-1)/8 prime?
False
Let h(o) = 173*o + 2391. Is h(56) prime?
False
Let h(s) = 29*s**2 - 3*s - 9. Let n = 23 + -37. Let j = n + 19. Is h(j) a prime number?
True
Suppose 7*l - 12*l = 3*q - 9298, -3 = -3*q. Let p = l - -422. Is p a prime number?
True
Let o(l) = l**2 - 6*l + 3. Let a be o(-3). Is ((-29)/(-2))/(a/300) a composite number?
True
Let y(k) = -119*k - 27 + 74*k - 97*k. Is y(-7) a composite number?
False
Suppose -5*i + 5*w + 8590 = 0, 28*i + 5126 = 31*i + 4*w. Let c be 2/(-3) + 3631/(-3). Let q = c + i. Is q composite?
False
Suppose -r + 201768 = 5*m, 5*r + 121072 = 26*m - 23*m. Is m a prime number?
False
Let h(n) = 19054*n + 1021. Is h(3) composite?
True
Suppose 11765 + 3848 = 13*l. Is l a composite number?
False
Let w = -77 + 81. Suppose w*d + 4*x + 5245 - 40977 = 0, 5*d - 44679 = 2*x. Is d a composite number?
True
Let t be -4 - -2 - (-4 - 0). Suppose 3*r - 33 = 5*v, 0 = v + 3*r + 1 + t. Is (-27334)/v - (-10)/(-15) prime?
False
Let v = -119 - -125. Suppose -22*p + v*p = -52720. Is p prime?
False
Let n(p) = 7*p**3 + 41*p**2 - 18*p + 61. Is n(21) prime?
True
Suppose -6*l = 4*l - 109670. Let r = 29478 - l. Is r a composite number?
True
Is (-2)/20 - 29246820/(-200) - -5 composite?
False
Let d = 370 - 336. Suppose -21*q + d*q - 81211 = 0. Is q a composite number?
False
Let w(t) = 21*t**3 + 5*t**2 - 4*t - 6. Suppose 9 + 99 = 27*a. Is w(a) a prime number?
False
Suppose -6*l = -l + 70. Let k be 4534/2 + l/7. Suppose 4*i - k = -m, -6*i + 2*i + 4*m = -2240. Is i prime?
False
Let t be (3 - 29739/(-9))*(4 + -1). Suppose 6*w - t = 7772. Is w composite?
True
Let m be (-8)/((-2)/(-2)*-1 - -3). Let v be (18/(-27))/(